e the greatest common divisor of 23341 and 17.
17
What is the greatest common divisor of 912 and 432?
48
What is the greatest common factor of 170 and 85?
85
Calculate the highest common divisor of 485 and 291.
97
Calculate the highest common factor of 2511 and 93.
93
Calculate the highest common divisor of 25992 and 171.
171
What is the highest common factor of 9 and 225?
9
Calculate the greatest common factor of 825 and 2325.
75
What is the highest common divisor of 448 and 112?
112
Calculate the highest common divisor of 1378 and 104.
26
Calculate the greatest common divisor of 32 and 2704.
16
What is the greatest common divisor of 60 and 14040?
60
Calculate the greatest common divisor of 1886 and 46.
46
Calculate the highest common divisor of 16310 and 560.
70
What is the greatest common divisor of 71 and 2627?
71
Calculate the greatest common factor of 60 and 10.
10
What is the greatest common divisor of 550 and 40?
10
What is the greatest common divisor of 182 and 273?
91
Calculate the highest common divisor of 285 and 1235.
95
What is the greatest common factor of 605 and 374?
11
Calculate the highest common factor of 44 and 385.
11
Calculate the highest common divisor of 28 and 476.
28
Calculate the greatest common divisor of 184 and 598.
46
Calculate the highest common divisor of 995 and 2.
1
Calculate the highest common divisor of 630 and 20.
10
What is the greatest common factor of 235 and 45?
5
Calculate the highest common factor of 345 and 575.
115
Calculate the greatest common factor of 37697 and 253.
253
Calculate the greatest common factor of 9 and 1152.
9
Calculate the greatest common divisor of 7 and 1967.
7
What is the greatest common divisor of 1347 and 3?
3
What is the greatest common divisor of 57 and 741?
57
Calculate the highest common divisor of 18370 and 110.
110
Calculate the highest common divisor of 224 and 266.
14
Calculate the highest common divisor of 32 and 528.
16
What is the highest common factor of 45 and 61245?
45
What is the highest common factor of 5 and 135?
5
What is the highest common divisor of 160 and 30?
10
What is the highest common divisor of 30 and 80?
10
What is the highest common factor of 163 and 1?
1
What is the highest common factor of 7185 and 15?
15
Calculate the highest common factor of 20 and 36.
4
What is the greatest common divisor of 60 and 45?
15
What is the highest common factor of 400 and 250?
50
Calculate the highest common factor of 1002 and 12.
6
What is the greatest common divisor of 135 and 66555?
135
What is the highest common divisor of 288 and 32?
32
What is the greatest common divisor of 30 and 140?
10
Calculate the highest common divisor of 8 and 1528.
8
Calculate the highest common factor of 378 and 294.
42
What is the greatest common factor of 43 and 1419?
43
What is the greatest common factor of 327 and 3379?
109
What is the highest common divisor of 4 and 2876?
4
What is the highest common divisor of 507 and 1417?
13
Calculate the greatest common factor of 323 and 85.
17
Calculate the greatest common divisor of 2222 and 374.
22
Calculate the highest common divisor of 104 and 13.
13
Calculate the highest common factor of 273 and 126.
21
Calculate the highest common factor of 2849 and 77.
77
Calculate the greatest common factor of 2296 and 32.
8
What is the highest common divisor of 66 and 6?
6
What is the highest common factor of 548 and 14659?
137
Calculate the highest common factor of 858 and 231.
33
Calculate the greatest common divisor of 11 and 77.
11
What is the greatest common divisor of 2299 and 38?
19
Calculate the highest common factor of 1 and 302.
1
Calculate the greatest common factor of 3933 and 23.
23
What is the greatest common factor of 304 and 19?
19
What is the greatest common factor of 104 and 256?
8
What is the highest common factor of 17 and 4573?
17
What is the greatest common divisor of 186 and 18?
6
What is the greatest common factor of 15 and 220?
5
What is the highest common factor of 250 and 17125?
125
Calculate the greatest common divisor of 88 and 187.
11
What is the greatest common factor of 32 and 288?
32
Calculate the highest common divisor of 196 and 84.
28
Calculate the greatest common factor of 2 and 37.
1
Calculate the highest common factor of 117 and 975.
39
What is the greatest common divisor of 1710 and 798?
114
Calculate the greatest common divisor of 50 and 180.
10
What is the highest common divisor of 105 and 189?
21
Calculate the highest common factor of 2538 and 376.
94
What is the greatest common factor of 129 and 3569?
43
Calculate the greatest common divisor of 3213 and 4522.
119
Calculate the highest common divisor of 30 and 270.
30
Calculate the greatest common factor of 186 and 1922.
62
Calculate the greatest common factor of 2001 and 174.
87
What is the highest common divisor of 451 and 123?
41
What is the highest common divisor of 44 and 4708?
44
What is the highest common factor of 288 and 96?
96
What is the greatest common factor of 1162 and 14?
14
Calculate the greatest common divisor of 748 and 176.
44
Calculate the greatest common factor of 25 and 200.
25
Calculate the highest common factor of 10 and 564.
2
What is the highest common divisor of 70 and 790?
10
What is the greatest common factor of 497 and 35?
7
Calculate the greatest common factor of 147 and 26607.
147
What is the greatest common factor of 1247 and 29?
29
What is the greatest common divisor of 6 and 366?
6
Calculate the highest common factor of 3538 and 174.
58
What is the greatest common divisor of 406 and 28?
14
What is the greatest common factor of 130 and 5330?
130
What is the greatest common divisor of 3626 and 37?
37
Calculate the greatest common divisor of 76 and 114.
38
What is the greatest common factor of 42058 and 34?
34
Calculate the greatest common factor of 336 and 48.
48
Calculate the greatest common factor of 1200 and 180.
60
What is the highest common divisor of 22357 and 158?
79
What is the greatest common factor of 12384 and 36?
36
Calculate the greatest common divisor of 367 and 1.
1
Calculate the greatest common factor of 8 and 584.
8
Calculate the greatest common factor of 8 and 64008.
8
What is the greatest common factor of 96 and 42?
6
What is the greatest common divisor of 1584 and 144?
144
What is the highest common factor of 22518 and 243?
81
What is the highest common factor of 195 and 26?
13
What is the greatest common factor of 2006 and 2950?
118
Calculate the greatest common factor of 37750 and 302.
302
Calculate the highest common divisor of 2 and 25.
1
What is the highest common divisor of 529 and 92?
23
What is the greatest common factor of 288 and 36?
36
Calculate the highest common divisor of 368 and 46.
46
What is the greatest common factor of 292 and 73?
73
Calculate the greatest common divisor of 735 and 15.
15
Calculate the highest common divisor of 630 and 518.
14
Calculate the greatest common divisor of 32 and 2864.
16
Calculate the greatest common factor of 188 and 141.
47
Calculate the greatest common divisor of 1111 and 909.
101
Calculate the greatest common factor of 2156 and 88.
44
Calculate the highest common divisor of 132 and 242.
22
What is the highest common factor of 460 and 138?
46
What is the greatest common factor of 85 and 60?
5
Calculate the greatest common divisor of 1261 and 13.
13
Calculate the highest common factor of 34 and 77554.
34
What is the greatest common factor of 77 and 55?
11
Calculate the highest common factor of 1308 and 156.
12
Calculate the highest common divisor of 1724 and 4.
4
Calculate the greatest common divisor of 133 and 35.
7
What is the highest common divisor of 47 and 25568?
47
What is the greatest common divisor of 42 and 3342?
6
What is the highest common factor of 122 and 305?
61
What is the highest common factor of 476 and 112?
28
Calculate the highest common factor of 3840 and 160.
160
Calculate the greatest common factor of 48 and 4776.
24
What is the greatest common factor of 464 and 261?
29
Calculate the greatest common divisor of 144 and 72.
72
Calculate the highest common divisor of 1026 and 1520.
38
Calculate the highest common divisor of 15408 and 107.
107
What is the highest common divisor of 2673 and 198?
99
What is the highest common divisor 